= b - -7. Suppose 0 = p + 4*p + 5*s - 1095, -5*s - 1135 = -a*p. Is p composite?
False
Suppose 5*i + 274 = 6*i. Suppose n = 4*d - 2413, 0 = 4*d + n - 2677 + i. Suppose 4*q = 5*o + 563 + d, 894 = 3*q + 3*o. Is q a prime number?
False
Let b(c) = 1454*c - 315. Is b(4) a prime number?
True
Let u(h) = -25*h - 78. Let g be u(-10). Suppose 5*j + 0 = -10. Is j*(-3 - g/8) prime?
False
Let z = -15 - -22. Let o(k) = k. Let s be o(z). Suppose s*v = 8*v - 415. Is v prime?
False
Let g(s) = -s**3 + 22*s**2 - 36*s + 9. Let i = 36 + -16. Is g(i) composite?
False
Suppose -35*g + 6452 = -33*g. Is g composite?
True
Let s(w) = -9. Let m(o) = o + 9. Let a(c) = 2*m(c) + 3*s(c). Let n be a(6). Let i(d) = 35*d**2 + 2. Is i(n) prime?
True
Suppose 5*a - 2*z = 15, -a + 2*a + 2*z = 3. Let l(t) = 60*t - 1 + 6*t**2 + t**2 - 53*t. Is l(a) composite?
False
Is 8 + (9 - 8 - -8602) prime?
False
Let r = 28 - 28. Let b(t) = 3*t + 1266. Let a be b(r). Let h = -377 + a. Is h prime?
False
Let s(c) = -3*c**3 - c**2 - c. Let g be s(-1). Suppose -g*u - 5*u = -13544. Is u prime?
True
Suppose 0 = -183*y + 216*y - 902154. Is y a composite number?
True
Let z(v) = -42*v - 11. Let w(t) = 42*t + 10. Let q(y) = -6*w(y) - 5*z(y). Let l = 21 + -26. Is q(l) prime?
False
Suppose 0 = 4*u + 5*p - 6747, 6*u - 5*u - 5*p - 1718 = 0. Is u prime?
True
Let x(j) be the third derivative of -5/2*j**3 + 0*j - 7/6*j**4 + 0 + 3*j**2. Is x(-14) a composite number?
True
Let c(m) = m**3 - 9*m**2 + 2*m + 1. Let y be c(7). Let a = 223 + -29. Let j = a + y. Is j prime?
False
Suppose 2*u = 3*d + 2*d + 16, 0 = 5*u - 3*d - 2. Is (-1)/u - 0 - (-1729)/2 a composite number?
True
Let o(v) = v - 9. Let t be o(4). Is 121 - (4 + t)*1 composite?
True
Let s(n) = 18*n**2 - 16*n + 59. Is s(16) composite?
True
Let j(t) = t**3 + 13*t**2 - 12*t + 5. Let q be (-30)/1*24/60. Is j(q) prime?
True
Suppose 5*x = n + 16, 4*x - 2*n = -n + 13. Suppose 5*i - 16360 = z, 2*i + 0*z - 6557 = x*z. Is i a prime number?
True
Let j = 63 - 25. Suppose 2*o + 5*u - 116 = 0, -2*u + u = o - 64. Let r = o + j. Is r composite?
True
Let v(i) = -i**3 + 11*i**2 + 11*i + 19. Let r be v(12). Is (-499)/(-1) + (r - 7) a prime number?
True
Let j(f) = 55*f**3 + 3*f**2 - f + 2. Is j(5) composite?
False
Let w(x) = -63*x - 3. Let f be w(3). Suppose -42*g - 1 = -43*g. Is (0 + -1)*g - f a composite number?
False
Let x = 81 - 79. Suppose -x*q - m + 3712 = 4*m, -4*m - 1869 = -q. Is q a composite number?
False
Suppose 129*u - 124*u = 15. Suppose u*k - 12150 = 3*z, -5*z = 17 + 8. Is k a prime number?
False
Suppose -b + 5*p - 3 = -0*b, 0 = -3*b - p + 7. Suppose u - b*u + t + 915 = 0, 5*u - t = 4559. Is u prime?
True
Suppose 2*m - 17391 - 24335 = 0. Is m prime?
False
Let d = -81 + 96. Suppose d*b - 22*b + 371 = 0. Is b composite?
False
Suppose 5*s = -5*d + 81385, 5*d - 4*s - 42713 = 38636. Is d composite?
False
Suppose 12*u - 7*u + 25 = 0, -2*z - 2*u = -948. Is z a prime number?
True
Let b(z) = -2887*z + 53. Let d(c) = -962*c + 18. Let n(m) = -3*b(m) + 8*d(m). Is n(4) a composite number?
True
Is (-229636)/110*5/(-2) a prime number?
False
Suppose 3*w + 3*l = 10950, -l = -5*w - 2*l + 18254. Suppose 5*y = 2*a + 4835, -5*a - 750 = 3*y - w. Is y composite?
False
Suppose y + 3*y + g = -1917, -2*g + 477 = -y. Is y/3*(-2 - 1) a prime number?
True
Let s(y) = 5627*y + 12. Is s(1) composite?
False
Is 15/((-75)/10) + (-408148)/(-4) prime?
False
Let w(d) = -d**3 + 8*d**2 - 6*d - 5. Let f be w(7). Let k be (0 - f)/((-4)/10). Suppose 3*a + k*g - 175 = a, 0 = -4*g - 12. Is a a composite number?
True
Suppose 14*q - 3322 - 2404 = 0. Is q prime?
True
Suppose -121*x = -118*x + 1644. Let j = -385 - x. Is j a prime number?
True
Suppose -4*y + 2*p + 1140 = 0, 4*p - 6*p + 4 = 0. Let d = y + -77. Is d a composite number?
True
Let i(g) = g**2 - 3*g + 28. Suppose k + 2 = -2*b, -2*k - 28 = b - 3*b. Is i(k) a prime number?
False
Suppose 3*f - 5*n = 966, 5*n + 40 = 25. Is f a composite number?
False
Let v = 36601 + -17588. Is v a composite number?
False
Suppose 0 = -527*h + 496*h + 48329. Is h composite?
False
Let u(t) = 1102*t**2 - 10*t - 25. Is u(-3) prime?
True
Suppose 8*z - 3*z + 2*k = 79, -4*z + k + 58 = 0. Let y be 14/(-35) - (-66)/z. Suppose 0 = y*o - n - 1877, 5*o - 4*n - 1505 = 844. Is o composite?
True
Let m(z) = -z**2 + z + 1. Let r(l) = -2*l**3 + 7*l**2 - 3*l - 7. Let h(q) = -4*m(q) - r(q). Let x be -2*5/((-5)/2). Is h(x) prime?
True
Let z = -677 - -5638. Let p = z + -2920. Suppose -q = 3*g + 111 - 532, -g - p = -5*q. Is q a composite number?
False
Suppose 2 + 3 = k + 3*f, 2*k - 3*f + 35 = 0. Is 2/(-1)*905/k composite?
False
Let j(w) = 178*w - 175. Is j(23) a composite number?
False
Let j(q) = -841*q**3 + 5*q**2 + 5*q + 1. Is j(-2) prime?
False
Suppose 3*z = -z + 8. Suppose z*t = -4*h + 1370, 4*h = -6*t + 2*t + 1376. Is h composite?
True
Suppose -5*s = -6*s. Suppose -n + 4*m - 959 = -2*n, s = -4*m + 4. Is n a prime number?
False
Suppose -4*t - 7314 = -10*t. Suppose 0 = 7*m - t + 330. Is m a composite number?
False
Suppose -g = -0*g - s - 14569, 2*s = 3*g - 43704. Is g a prime number?
False
Let u = 12017 + -1354. Is u composite?
False
Let q be 2/(-5) - 180/50. Let i = -1 + q. Is 3/i + (-2694)/(-15) composite?
False
Let d(g) be the first derivative of g**3/3 - g**2 - 11*g - 16. Let k = 18 - 10. Is d(k) a composite number?
False
Let c be (1*-2)/((-6)/(-585)). Let z = 1426 - 980. Let g = z + c. Is g a composite number?
False
Suppose 1 = -h - 20. Let n = h - -44. Is n a composite number?
False
Let n be (3 + -4)/(3/(-708)). Let o = n - 93. Is o a prime number?
False
Let r be 8/28 - 456/(-21). Let j = -19 + r. Is (-71)/(4/(-1 - j)) a composite number?
False
Let y = -8 - -4. Let k be y/(-10) + 1032/20. Suppose -2*w + 14 + k = 0. Is w prime?
False
Let t(q) = -397*q - 26. Is t(-9) a prime number?
True
Suppose -737 = 3*f - 2411. Suppose 5*b = -4*v - f - 262, -5*b - 5*v - 820 = 0. Let j = b - -471. Is j prime?
True
Let p = -5 + 20. Suppose -4*l - l + p = 0. Let u(d) = 2*d**2 - 2*d + 7. Is u(l) a composite number?
False
Suppose 1312*v - 1315*v + 10707 = 0. Is v a prime number?
False
Let c = -30373 - -56030. Is c prime?
True
Suppose -r - 9093 = 4*q, 2*r + 2313 = -2*q - 2241. Let b = 4671 + q. Is b composite?
False
Suppose 0 = 7*n - 44 + 9. Suppose -n*x + 275 + 680 = 0. Is x prime?
True
Let a(h) = 924*h + 65. Is a(10) a composite number?
True
Let q(o) = o**2 + o - 1. Let b(k) = -6*k**2 - 3*k + 2. Let f(y) = -b(y) - 4*q(y). Let l be f(-3). Let v = l + -8. Is v a prime number?
False
Suppose -5*z - 4 = -6*z. Let i(k) = 33*k + z - 38*k - 5 + 28*k. Is i(1) composite?
True
Suppose 60*s = 70*s - 174670. Is s a composite number?
False
Suppose -34*o + 444 = -31*o. Suppose -o = -9*i + 5*i. Is i a prime number?
True
Suppose 0 = -3*y - 5*w + 7391, -4*y + 9878 = -0*y - 5*w. Is y a composite number?
False
Let r(h) = -1115*h**2 + 10*h + 17. Let c be r(-3). Is (c/(-14) - (-2)/7)/2 a prime number?
True
Let q = -56108 + 92481. Is q a prime number?
True
Suppose 3*l = 9109 + 326. Suppose -4*v = -9*v + l. Is v prime?
False
Suppose -x + 4 = -0. Suppose -24 = -x*c - 8. Is (-16756)/(-44) + c/22 a prime number?
False
Let a = 11 + -14. Let z(u) be the second derivative of -9*u**5/20 + u**4/6 - 2*u**2 + 2*u. Is z(a) a prime number?
True
Let c = 47450 - 32691. Is c composite?
False
Let g = 262 + -106. Let f be (-4)/18 - 713/(-9). Let x = g - f. Is x a composite number?
True
Suppose -i - 48 = 149. Let y = 356 + i. Is y prime?
False
Let s(z) = z**2 + 33*z + 6. Suppose -5*k - 2*p = 13 + 56, -3*k = -p + 48. Let o be s(k). Let u = -13 - o. Is u a prime number?
True
Suppose 0 = -18*m + 47158 + 52400. Is m composite?
False
Suppose 4*d = 7 + 1. Suppose f - d*f = -384. Suppose -2*h + 176 = 2*c, 0 = 5*h + 3*c - 46 - f. Is h a composite number?
False
Suppose -20*u = -39*u + 42199. Is u a prime number?
True
Is -8002*1/(-2)*3 a prime number?
False
Suppose 0 = -3*v + 854 + 8065. Let z = v + -1462. Is z a prime number?
True
Suppose 3*t + 25 = 37. Let r(j) = 373*j - 15. Is r(t) a prime number?
False
Suppose 9*i = 10 + 17. Let r(q) = 414*q + 17. Is r(i) a composite number?
False
Suppose -5*v = -5, 3*v = 2*g - 4932 - 1839. Is g prime?
False
Let p be 70 - (-5 + 4/2). Let c = p + 6. Is c composite?
False
Let o = -47 - -50. Suppose 658 - 243 = w - o*n, w 